t d(a) = 24 - 23 + a**3 + a**2 - 9*a**g. Let v = 398 + -390. Calculate d(v).
1
Suppose -4*p + 2*j + 67 = 143, -5*p + 4*j = 89. Let i(r) = r**2 + 19*r - 48. Give i(p).
-6
Let y(b) = b**3 - 4*b**2 - 7*b + 4. Let z be y(-2). Let t(x) = -13*x**2 + 2*x - 1. Let m(k) = 11*k**2 - k + 1. Let n(d) = z*m(d) - 5*t(d). Determine n(-4).
-1
Let r(c) be the third derivative of c**5/60 - c**4/24 - c**3 + 30*c**2 + 8. Give r(5).
14
Let p(m) be the first derivative of 2*m**2 + 22. Let o = 57 + -41. Suppose 3*d + 3 - 1 = 4*s, -o = -4*d - 4*s. Determine p(d).
8
Let t(s) = 4*s - 3. Let g(j) be the second derivative of -j**4/6 - 2*j**3/3 - 5*j**2/2 - 2*j. Let f = -26 - -24. Let m be g(f). Determine t(m).
-23
Let d(l) = 0*l - 16787 + l + 16768. Let z = 135 + -126. Determine d(z).
-10
Let f(z) be the first derivative of 5*z**2/2 + 2*z - 551. Suppose 0 = 4*b - 8 - 4. What is f(b)?
17
Let v = 999 - 700. Let z = -298 + v. Let t(s) be the first derivative of 3*s**2/2 - s + 2. Give t(z).
2
Let o(w) = 50*w - 484. Let u(m) = -16*m + 162. Let b(s) = -5*o(s) - 16*u(s). Give b(29).
2
Let k(d) = 28*d**2 + 12*d**2 + 1019 - d - 2*d**3 - 2002 + 1014. Determine k(20).
11
Let p(v) = 3. Let g(a) = a**2 + 12*a + 13. Let y be g(-11). Let o(w) = -w + 9. Let s(f) = y*o(f) - 7*p(f). Let d(n) = n**2 - n - 2. Let x be d(0). What is s(x)?
1
Let c(g) = g**3 - 28*g**2 + 22*g + 64. Let w(p) = -p**3 - 4*p**2 - 2*p - 8. Let r be w(-5). What is c(r)?
-71
Suppose v + 4*g + 9 - 15 = 0, 2*v + g - 5 = 0. Let y(i) be the first derivative of 3*i**2 - 3*i**v + 12 - i - i**2. What is y(2)?
-5
Suppose -19*u - 6*u - 3450 = 44*u. Let i(t) = -t**3 - 50*t**2 - 6*t - 294. What is i(u)?
6
Let r(m) = m**3 + 5*m**2 - 5*m + 3. Let a be (-4)/((-5)/(2 + 3)). Suppose -4*p - 12 = 4*b, p + a*b - 7 + 1 = 0. Give r(p).
-3
Let k(z) = 5*z**2 - 6*z - 4. Let q(i) = 4*i**2 - 5*i - 3. Let j(l) = -5*k(l) + 6*q(l). Suppose 0*m + 4*m = -16. Let n be (m - (2 + -7)) + 1. Calculate j(n).
-2
Let p = -655 - -995. Let r(t) = -t + p - 114 - 135 - 116. What is r(0)?
-25
Let r = 572 + -571. Let v(g) = 1 + 7 + r + 3*g - 4*g**2 - g**3 - 1 - 1. What is v(-3)?
-11
Suppose -4*j - 4*y + 23 = 3, 2*y = 4*y. Let h(g) be the second derivative of 1/12*g**4 + 0*g**3 + 0 + 2*g - 1/2*g**2 + 1/20*g**j. Calculate h(-2).
-5
Let u(j) = 4*j + 18. Suppose 2*o + 6*n = 36, 2*n + 20 = 5*o - 2. Determine u(o).
42
Let j = 66 + -100. Let r(b) = -16*b - 13. Let d be r(-3). Let s = d + j. Let v(g) = 9*g. What is v(s)?
9
Let f(j) be the second derivative of -13*j**6/360 + j**5/60 - j**4/24 + j**3/6 + 2*j - 2. Let u(s) be the second derivative of f(s). What is u(1)?
-12
Suppose 14*i - 17*i - 30 = 2*z, -2*z + 18 = -5*i. Let t(q) = q**3 + 8*q**2 + 16*q + 16. Calculate t(i).
-8
Let v(u) = -u**3 + 3*u**2 - u - 2. Let k(f) = -17 + 19 + 60 + f**2 + 23*f. Let c be k(-20). Determine v(c).
0
Let a(h) = -12*h**3 - 2*h**2 + 1. Suppose -c = 161 - 157. Let z be (27/(-6) - -5)/(2/c). What is a(z)?
11
Suppose -2*b - 9 + 11 = 0. Let k(i) = -3*i + 9 - 1 + 0*i. Let l(f) = -2*f + 5. Let g(q) = -5*k(q) + 8*l(q). What is g(b)?
-1
Let r(a) = 0*a - 2113 + 2*a + 2114. Let b be (-14)/(-4)*6*4/21. Suppose -5*v = -c + b, -2*c + 4*v = c - 1. Determine r(c).
-1
Let x(h) be the third derivative of 13*h**4/12 - 13*h**3/6 - 5589*h**2. What is x(6)?
143
Let l(p) = -p + 1. Let a(b) = -4*b - 15. Let f be a(-7). Suppose 8*m = f*m - 20. Suppose u - 5*o - 21 = -10*o, m*u = -2*o - 6. What is l(u)?
5
Suppose 2*a - 29 + 37 = 0, -2*v = -3*a - 22. Let z(i) = -2*i**2 - 3*i + 17. Determine z(v).
-48
Let w = 951 - 963. Let t(b) = b**3 + 11*b**2 - 13*b - 16. Give t(w).
-4
Let a = -7854 + 7851. Let p(n) = -n**3 - 2*n**2 + 3*n - 5. Determine p(a).
-5
Let o(s) = 2*s. Let a be o(1). Let k(z) be the first derivative of 12 + 3*z + 5/2*z**a. Give k(4).
23
Let m(p) = 10*p + 2*p**2 + 9*p - 3 - 95*p + 8. Calculate m(38).
5
Let o(s) = 5058*s - 1036*s**2 - 5057*s + 1034*s**2 + 1. Suppose 0 = -q - 3, 4*a - 28 = 2*q + 2*q. Suppose 11 = 4*z + 5*b, -5*z - 7 - a = -2*b. Determine o(z).
-2
Let z(q) = q**3 - 4*q**2 - 9*q - 6. Let s = -4256 + 4261. Determine z(s).
-26
Suppose -30*w = -25*w - n - 6, 0 = 4*w - 2*n. Let i(l) = -4*l**2 - 3*l + 3. Give i(w).
-19
Let g(u) be the second derivative of -7*u**5/20 + u**4/6 - u**3/3 + u**2/2 - 132*u. Let v = 14 - 10. Let l be (1/(-2))/(v/(-8)). Determine g(l).
-6
Let l = 2483 - 2486. Let q(k) = 3*k**2 - 3*k - 25. What is q(l)?
11
Suppose 28 = -27*v - 7 + 8. Let x(k) be the second derivative of 3*k**3 + 14*k. Determine x(v).
-18
Let p(t) = 4*t + 7. Let j = -66 + 65. Let b be j/(-1*1/7). Suppose h - 4*z = b, -4*h - 4*z - 26 = -2*z. Calculate p(h).
-13
Suppose 3*r = 2*q - q + 1, -5*r - 4*q = -30. Let m(s) = 2*s**2 - s - 7. Determine m(r).
-1
Let i(j) = -136*j**3 - 53*j**2 - 93*j + 30. Let u(k) = -28*k**3 - 11*k**2 - 19*k + 6. Let v(p) = -6*i(p) + 29*u(p). Determine v(2).
36
Let s(q) = -5*q - 1. Let v be s(-1). Let j(y) = -3*y - v + y - 2*y. Let z = -842 + 838. Give j(z).
12
Let o(z) = 29*z + 186. Let c(w) = 44*w - 2954. Let n be c(67). Calculate o(n).
12
Let a(v) = v**3 + 3*v**2 + 5*v + 2. Let d = -100 - -460. Suppose 0 = -0*x + 15*x + d. Let w be x/(-16)*(-1 - 1). Determine a(w).
-13
Let q(r) = -2*r**2 + 8*r - 2*r**2 + 3*r**2 + 2. Let n = 10544 - 10537. Determine q(n).
9
Let g(r) = -r**2 - 1. Let i = 9 + -15. Let w(l) = 7*l**2 + 6*l + 7. Let p(j) = i*g(j) - w(j). Let c = -182 - -177. Calculate p(c).
4
Let c = 68 - 63. Let v(z) = -5*z + 18. Let b be v(5). Let n(h) = -63*h - 10. Let m(d) = -42*d - 7. Let o(p) = b*m(p) + c*n(p). Calculate o(1).
-22
Let c(z) = -9*z - 114. Suppose -4*n - 46*o = -42*o + 72, -3*n = 5*o + 64. Give c(n).
3
Let g(b) = 2*b - 8. Let j(r) = 10*r - 13. Let y(q) = 7*q - 9. Let l(s) = 5*j(s) - 7*y(s). Let o(w) = g(w) - 3*l(w). Let f be 3 - (-1)/(-1) - 2. What is o(f)?
-2
Suppose 0 = 12*f - 102 - 846. Let d = f + -18. Let a = -66 + d. Let o(r) = -r**3 - 5*r**2 - 2*r. What is o(a)?
10
Suppose -t = 20 - 27. Suppose -t*x = -5*x - 12. Let k(m) = -2*m**2 + 11*m + 5. Determine k(x).
-1
Let v(x) be the first derivative of -x**3/6 + 3*x**2 + 3*x + 7. Let a(q) be the first derivative of v(q). Let g = 352 + -349. Calculate a(g).
3
Let d(g) = 2 - 1492*g - g**2 + 2968*g + 0 - 1486*g. What is d(-11)?
-9
Let g(l) = -l**2 + 2*l + 6*l - l - 2 - 2*l. Let y be g(4). Suppose -y = z + z. Let n(w) = -13*w**2 + 1. Determine n(z).
-12
Let r(o) = o**3 + 33*o**2 - 2*o - 78. Let g be r(-33). Let d(p) = p**2 + 13*p + 6. Calculate d(g).
-6
Let l(h) be the second derivative of 5*h**4/12 + h**3/6 + 3*h**2/2 + 40*h - 162. Give l(-2).
21
Let v(x) = 4*x**3 + 10*x**2 + 46*x - 12. Let f(t) = -t**3 - t**2 - 7*t. Let k(u) = -5*f(u) - v(u). What is k(7)?
33
Let t(r) = -r**3 - 78*r**2 - 4*r - 298. Let k be t(-78). Let q(u) = -u**2 + 18*u + 6. Determine q(k).
62
Let k(v) = -2323 + 2346 + 2*v - 4*v. Determine k(5).
13
Suppose 0 = 9*a - 0*a + 18. Let t be (-11)/a + (-99)/18 + 6. Let j(y) = -y**2 + 11*y - 7. Determine j(t).
23
Let k(d) = 19*d**2 + 243*d + 118. Let l(r) = -6*r**2 - 81*r - 36. Let v(q) = 2*k(q) + 7*l(q). Determine v(-20).
4
Let f be -6 - (2/(-3) + (-2 - (-19 + 23))). Let b(h) be the third derivative of 0 + f*h**3 + 1/120*h**6 + 5*h**2 + 0*h**4 + 0*h - 1/15*h**5. Calculate b(4).
4
Let u(v) = 2*v - 31. Let g = -7993 + 8009. Determine u(g).
1
Let a(t) = -t**2 + t + 2. Suppose 73*b + 6 = -136 - 77. What is a(b)?
-10
Let i(l) = 4283 + 2*l + 4287 + 4*l**2 - 8565. Calculate i(0).
5
Suppose -13*k - 9 = n - 12*k, 15 = 5*n - 5*k. Let i(x) = x - 17. Give i(n).
-20
Let q(k) = -k**3 + 7*k**2 - 5*k - 5. Let i = 2246 + -2241. Calculate q(i).
20
Let m(s) = -s**2 - 8*s + 10. Let z be (33/15)/(12 + 732/(-60)). Give m(z).
-23
Let w(d) = -d**3 + 4*d**2 + 22*d + 1. Suppose 0 = 5*q + 4*m - 11, -5*q - 5*m = -6*q + 37. What is w(q)?
8
Let x be 17 + -21 + (40 - -1). Let u(i) = -6*i - 3*i - 39 + x + 3*i. Give u(-3).
16
Let z be 1/4*-10*864/(-540). Let o(y) = y**3 - 7*y**2 + 3*y - 4. Determine o(z).
-40
Let o(k) = -k**3 - 4*k**2 + 18*k + 6. Let z be o(-7). Suppose a = -2*a + z. Let x(f) = -f**2 + 10*f - 11. What is x(a)?
-2
Let x(s) = -9*s**2 - 2*s - 2. Let w(c) = -27*c**2 + 191*c - 17. Let v be w(7). What is x(v)?
-77
Suppose 22*g - 17*g + 3*r + 32 = 0, 0 = g - r - 8. Let p(b) = 45*b**3 - 3*b**2 - b + 2. Determine p(g).
-45
Let 